+ 5*i + 5*m. Calculate the remainder when 57/5 - 4/10 is divided by i.
3
Let c(z) = z**3 + 20*z**2 + z + 14. Let f be c(-20). Calculate the remainder when 19 is divided by 3 - f - (-3)/3.
9
Calculate the remainder when -138*11/(165/(-10)) is divided by 16.
12
Suppose -480 = -2*s - 4*s. Suppose 6*q - 2*q - 164 = 0. What is the remainder when s is divided by q?
39
Let o(z) = -z**2 - 8*z + 192. Let p be 3/(-2)*(-3 + -187). Suppose 4*m - p = -m - s, -4*m - s = -227. Calculate the remainder when m is divided by o(-18).
10
Suppose -2*h - 340*v = -344*v - 960, 0 = 5*v - 25. What is the remainder when h is divided by 16?
10
Let m = -32 - -47. Let h(q) be the third derivative of q**5/60 - q**4/4 + 3*q**3/2 + 27*q**2. What is the remainder when m is divided by h(6)?
6
Suppose 403*x - 408*x + 85 = 0. Let a be 1/(1/(-1) - -2). Suppose 49 = 5*o - a. What is the remainder when x is divided by o?
7
Suppose 9309 = -41*g + 128*g. What is the remainder when g is divided by 57?
50
Let y = 272 + -183. What is the remainder when y is divided by 39?
11
Let d(q) = 4*q + 10. Let j be d(-18). Let t = -30 - j. Calculate the remainder when 223 is divided by t.
31
Suppose 2*y = -5*u + 92, 2*y + 0*u - 2*u = 64. Let f be 2*-1 - (-19 + 3). Let x = 33 - f. Calculate the remainder when y is divided by x.
17
Let g = -31 - -35. Suppose 3*w = -4*z - 20, g*z - 28 = -0*w + w. Let d(m) = m**3 + 11*m**2 - 13*m - 10. What is the remainder when d(w) is divided by 1?
0
Let w be 3 - 0 - (202 + -4). Let v be (-1)/((-190)/w + -1). Let t = -10 + v. What is the remainder when t is divided by 15?
14
Suppose s - 2*s + 70 = 0. Suppose -9*d + 5*d - 20 = 0. Let v = d - -23. What is the remainder when s is divided by v?
16
Calculate the remainder when 14*1/1*(-423)/(-94) is divided by 16/(-1)*-1*1.
15
Let n be (16/(-6))/((-3)/9). Let v(d) = d - 10. Let j be v(n). What is the remainder when (3 + j)/(2/76) is divided by 13?
12
Let w(u) = 3*u**2 - 9*u. Let o = 942 + -923. What is the remainder when w(6) is divided by o?
16
Let h(d) = -9*d - 4*d - 14 + 14*d. Let m be h(5). Calculate the remainder when 8 is divided by (-52)/m + 2/9.
2
Suppose 5*r + 10*b = 14*b + 69, 0 = -4*b - 4. Calculate the remainder when 38 is divided by r.
12
Let z be 60/14 + 10/(-35). Suppose -2*n + 3*j + 213 = n, 8 = z*j. What is the remainder when n is divided by 25?
23
Let x(d) = -40*d - 139. What is the remainder when x(-5) is divided by 16?
13
Let t = 39 + -36. Let l = t + 1. What is the remainder when 19 is divided by l?
3
Suppose -567 = -8*r + r. What is the remainder when 252 is divided by r?
9
Let a = 95 + -76. Suppose -623 + 1934 = a*t. What is the remainder when t is divided by 37?
32
Let o(w) = w + 7. Let r be 3 - (7 + -4) - 0. Suppose r = 2*p + 2 - 42. What is the remainder when p is divided by o(0)?
6
Let w(v) = -18*v + 200. Calculate the remainder when 4 is divided by w(11).
0
Calculate the remainder when 99 + (-3 + 6 - 7) is divided by 20.
15
Suppose -513 = -4*q - 21. Let n be (-3 - q/(-7))*7. What is the remainder when (-12)/9*n/(-4) is divided by 18?
16
Let a be -3*((-30)/(-9))/(-5). Suppose 4*q + 99 = o + 285, -2*q + a*o + 96 = 0. What is the remainder when q is divided by 16?
14
Let a(z) = z**2 - 16*z - 28. Suppose -5*j - v + 189 = 0, -2*v - v = -12. Calculate the remainder when j is divided by a(18).
5
Suppose -2*c = 3*d - 167, -6*d - 208 = -3*c - 2*d. Calculate the remainder when c is divided by 13.
11
Suppose 31*b - 14751 + 3343 = 0. Calculate the remainder when b is divided by 62.
58
Let j be ((-5)/2)/5*0. Let v = j + 3. Suppose 4*r = q - 5*q + 80, -45 = -2*r + v*q. What is the remainder when 62 is divided by r?
20
Let h(c) = 13*c + 6. Let o(u) = -5*u + 45. Calculate the remainder when h(4) is divided by o(7).
8
Let c(o) = -2*o**2 + o**2 + 4 - 4 - 4 + 5*o. Let p be c(4). Suppose -5*j + 260 = -p*j. Calculate the remainder when j is divided by 11.
8
Let m(b) = 35*b - 27. What is the remainder when m(2) is divided by 15?
13
Let z(t) = 2*t**2 - 6*t + 2. Let b = -2 + 2. Calculate the remainder when 12*3 + b + 2 is divided by z(4).
8
Let i = 12 - 8. Suppose -5*z + i*z = -41. Suppose z + 40 = 3*g. Calculate the remainder when g is divided by 14.
13
Suppose 13*w = 18*w - 22*w + 408. Let z = -4 - -11. What is the remainder when w is divided by z?
3
Let q = 27 + -18. Let r(u) = 12*u + 4. Let z be r(-1). What is the remainder when q is divided by -3 + 2 + 2 - (4 + z)?
4
Suppose 6*h + 273 = -h. Let z(g) = g - 7. Let y be z(5). What is the remainder when 0/1 - y - h is divided by 11?
8
Let u(o) = 2*o + 6. What is the remainder when 239 is divided by u(8)?
19
Let f = -16 + 31. Let i(o) be the first derivative of 2*o**3/3 + o**2 - 10*o + 3. What is the remainder when i(-7) is divided by f?
14
Let y(x) = -x**3 - x + 15. Suppose -216*o = -217*o + 8. Let w(h) = h**3 - 6*h**2 - 7*h + 2. Calculate the remainder when w(o) is divided by y(0).
14
Let j(o) = -56*o - 34. What is the remainder when -43*1*-1 + 0 is divided by j(-1)?
21
Let n be (66 - 3) + -3 + 1. Suppose -49 = -5*w + n. Let j(v) = 18*v - 27. Calculate the remainder when j(5) is divided by w.
19
Calculate the remainder when 59 is divided by 1 - 2/10 - 1826/(-55).
25
Let w = -26 - -68. Suppose 0 = -2*g - 5*p - 7 + w, 4*g + 3*p = 49. What is the remainder when 19 is divided by g?
9
Suppose -9*l = -0*l + 9. Calculate the remainder when l/((-5)/238) - 6/10 is divided by 7.
5
Let m(w) = -w**3 + 11*w**2 - 8*w - 10. Calculate the remainder when 38 is divided by m(10).
8
Suppose -5*d + 4*h + 54 = 0, 12*h = -3*d + 13*h + 38. Calculate the remainder when 135 is divided by d.
9
Let i = -114 - -130. What is the remainder when i is divided by 5?
1
What is the remainder when 202 is divided by (2/(-3))/((-40)/1740)?
28
Suppose -3*f = -6*f - 156. Let a = -30 - f. What is the remainder when a is divided by 8?
6
Let r = -57 + 64. Suppose -v - 3*n = -4*v + 48, 2*v + 4*n = 56. What is the remainder when v is divided by r?
6
Suppose 0 = 23*v - 24*v + 91. Calculate the remainder when v is divided by 34.
23
Suppose -3*z = -4*v - 73, -5*v + 7 = z - 2*v. Let x(t) = t + 3. Let r be x(-7). What is the remainder when z is divided by 2/r - (-276)/24?
8
Suppose -203 + 98 = -7*n. Calculate the remainder when 40 is divided by n.
10
Let v(s) = -s - 2. Let a be v(-7). Suppose 3*n = 4*k + 41, 2*k + 0*k - 51 = -a*n. What is the remainder when 87 is divided by n?
10
Suppose 3*a = -0*a + 4*v - 340, -v = -1. Let n = a - -124. Calculate the remainder when 94 is divided by n.
10
Suppose -q = -i + q - 402, 4*q - 402 = i. Let o be i/(-4) + (-12)/8. Let p = o - 58. What is the remainder when p is divided by 22?
19
Let t = -417 + 444. What is the remainder when 511 is divided by t?
25
Suppose -108*l + 104*l = 0. Suppose l = -0*n - 5*n + 325. What is the remainder when n is divided by 34?
31
Let q(w) = 7*w + 36. Suppose 109*m - 111*m + 10 = 0. Calculate the remainder when q(m) is divided by 15.
11
Suppose -7 = -3*d + 5. Suppose -d*o - 3*v = -81, 5*v + 4 = v. Let a(y) = -y**2 - 7*y + 5. What is the remainder when o is divided by a(-6)?
10
Suppose -3*s + 129 = y, -8*s + 216 = -3*s + 2*y. Let z = -51 - -52. Calculate the remainder when s is divided by (3/(-2))/(z*(-5)/50).
12
Suppose w - 294 = -5*o - 57, 0 = 2*w + 6. Calculate the remainder when 198 is divided by o.
6
Suppose 6*z = z - 40. Let l(i) = 2*i**2 + 13*i - 7. Calculate the remainder when 83 is divided by l(z).
15
Let z be (-2)/(20/1434) + (-44)/(-110). Let n = z + 152. What is the remainder when 17 is divided by n?
8
Calculate the remainder when 112 is divided by -3 + (-132)/(-6) + 2 + 2.
20
Suppose 0 - 6 = -2*r. Suppose -3*a = -r - 18. Let x = -669 - -688. Calculate the remainder when x is divided by a.
5
Suppose -2 + 14 = -3*p, -2*t = -3*p - 494. Calculate the remainder when t is divided by 84.
73
Let g(j) = -j**3 - 3*j**2 + 3. Suppose 5*a - 9 = -k - 0*k, 3*a - 1 = -5*k. Let o be 5/(-1) - (a + -2). What is the remainder when g(o) is divided by 19?
15
Suppose 0*c + 3*c = -5*x + 112, 5*x - 2*c - 117 = 0. Let b = x - 18. Calculate the remainder when 9 is divided by b.
4
Suppose 2*g - 2*k - 49 = k, -g - 3*k + 47 = 0. What is the remainder when 285 is divided by g?
29
Let f(b) = b**2 + 4*b + 4. Let w be f(-4). Suppose 9*m - w = 14. Calculate the remain